{"id":368,"date":"2022-05-04T10:03:20","date_gmt":"2022-05-04T08:03:20","guid":{"rendered":"https:\/\/photos.oceanwp.org\/?page_id=368"},"modified":"2026-03-26T17:30:05","modified_gmt":"2026-03-26T16:30:05","slug":"frederic-eymeri-artiste-peintre","status":"publish","type":"page","link":"https:\/\/frederic-eymeri.com\/","title":{"rendered":"BIENVENUE"},"content":{"rendered":"\t\t<div data-elementor-type=\"wp-page\" data-elementor-id=\"368\" class=\"elementor elementor-368\" data-elementor-post-type=\"page\">\n\t\t\t\t\t\t<section class=\"elementor-section elementor-top-section elementor-element elementor-element-ca409bc elementor-section-stretched elementor-reverse-tablet elementor-section-boxed elementor-section-height-default elementor-section-height-default elementor-invisible\" data-id=\"ca409bc\" data-element_type=\"section\" data-settings=\"{&quot;background_background&quot;:&quot;slideshow&quot;,&quot;background_slideshow_slide_duration&quot;:3600,&quot;background_slideshow_transition_duration&quot;:800,&quot;animation&quot;:&quot;fadeIn&quot;,&quot;animation_delay&quot;:800,&quot;stretch_section&quot;:&quot;section-stretched&quot;,&quot;background_motion_fx_mouseTrack_effect&quot;:&quot;yes&quot;,&quot;background_slideshow_gallery&quot;:[{&quot;id&quot;:4663,&quot;url&quot;:&quot;https:\\\/\\\/frederic-eymeri.com\\\/wp-content\\\/uploads\\\/2023\\\/10\\\/grenades-vu.jpg&quot;}],&quot;background_motion_fx_mouseTrack_speed&quot;:{&quot;unit&quot;:&quot;px&quot;,&quot;size&quot;:1.2,&quot;sizes&quot;:[]},&quot;shape_divider_bottom&quot;:&quot;mountains&quot;,&quot;background_slideshow_slide_transition&quot;:&quot;fade&quot;,&quot;background_motion_fx_devices&quot;:[&quot;desktop&quot;,&quot;tablet&quot;,&quot;mobile&quot;]}\">\n\t\t\t\t\t\t\t<div class=\"elementor-background-overlay\"><\/div>\n\t\t\t\t\t\t<div class=\"elementor-shape elementor-shape-bottom\" data-negative=\"false\">\n\t\t\t<svg xmlns=\"http:\/\/www.w3.org\/2000\/svg\" viewBox=\"0 0 1000 100\" preserveAspectRatio=\"none\">\n\t<path class=\"elementor-shape-fill\" opacity=\"0.33\" d=\"M473,67.3c-203.9,88.3-263.1-34-320.3,0C66,119.1,0,59.7,0,59.7V0h1000v59.7 c0,0-62.1,26.1-94.9,29.3c-32.8,3.3-62.8-12.3-75.8-22.1C806,49.6,745.3,8.7,694.9,4.7S492.4,59,473,67.3z\"\/>\n\t<path class=\"elementor-shape-fill\" opacity=\"0.66\" d=\"M734,67.3c-45.5,0-77.2-23.2-129.1-39.1c-28.6-8.7-150.3-10.1-254,39.1 s-91.7-34.4-149.2,0C115.7,118.3,0,39.8,0,39.8V0h1000v36.5c0,0-28.2-18.5-92.1-18.5C810.2,18.1,775.7,67.3,734,67.3z\"\/>\n\t<path class=\"elementor-shape-fill\" d=\"M766.1,28.9c-200-57.5-266,65.5-395.1,19.5C242,1.8,242,5.4,184.8,20.6C128,35.8,132.3,44.9,89.9,52.5C28.6,63.7,0,0,0,0 h1000c0,0-9.9,40.9-83.6,48.1S829.6,47,766.1,28.9z\"\/>\n<\/svg>\t\t<\/div>\n\t\t\t\t\t<div class=\"elementor-container elementor-column-gap-no\">\n\t\t\t\t\t<div class=\"elementor-column elementor-col-100 elementor-top-column elementor-element elementor-element-b7fa47e\" data-id=\"b7fa47e\" data-element_type=\"column\">\n\t\t\t<div class=\"elementor-widget-wrap elementor-element-populated\">\n\t\t\t\t\t\t<div class=\"elementor-element elementor-element-fa38818 elementor-headline--style-rotate elementor-widget elementor-widget-animated-headline\" data-id=\"fa38818\" data-element_type=\"widget\" data-settings=\"{&quot;rotating_text&quot;:&quot; art&quot;,&quot;headline_style&quot;:&quot;rotate&quot;,&quot;rotate_iteration_delay&quot;:3000,&quot;animation_type&quot;:&quot;drop-in&quot;}\" data-widget_type=\"animated-headline.default\">\n\t\t\t\t<div class=\"elementor-widget-container\">\n\t\t\t\t\t\t<a href=\"https:\/\/frederic-eymeri.com\/index.php\/la-galerie-complete\/\">\n\n\t\t\t\t\t<h3 class=\"elementor-headline elementor-headline-animation-type-drop-in\">\n\t\t\t\t\t<span class=\"elementor-headline-plain-text elementor-headline-text-wrapper\">Fr\u00e9d\u00e9ric Eymeri<\/span>\n\t\t\t\t<span class=\"elementor-headline-dynamic-wrapper elementor-headline-text-wrapper\">\n\t\t\t\t\t<span class=\"elementor-headline-dynamic-text elementor-headline-text-active\">\n\t\t\t\t&nbsp;art\t\t\t<\/span>\n\t\t\t\t\t\t<\/span>\n\t\t\t\t<\/h3>\n\t\t<\/a>\t\t<\/div>\n\t\t\t\t<\/div>\n\t\t\t\t<div class=\"elementor-element elementor-element-5756e6d elementor-widget elementor-widget-spacer\" data-id=\"5756e6d\" data-element_type=\"widget\" data-widget_type=\"spacer.default\">\n\t\t\t\t<div class=\"elementor-widget-container\">\n\t\t\t\t\t<div class=\"elementor-spacer\">\n\t\t\t<div class=\"elementor-spacer-inner\"><\/div>\n\t\t<\/div>\n\t\t\t\t<\/div>\n\t\t\t\t<\/div>\n\t\t\t\t\t<\/div>\n\t\t<\/div>\n\t\t\t\t\t<\/div>\n\t\t<\/section>\n\t\t\t\t<\/div>\n\t\t","protected":false},"excerpt":{"rendered":"<p>Fr\u00e9d\u00e9ric Eymeri &nbsp;art<\/p>\n","protected":false},"author":1,"featured_media":3690,"parent":0,"menu_order":0,"comment_status":"closed","ping_status":"closed","template":"","meta":{"ocean_post_layout":"full-screen","ocean_both_sidebars_style":"","ocean_both_sidebars_content_width":0,"ocean_both_sidebars_sidebars_width":0,"ocean_sidebar":"0","ocean_second_sidebar":"0","ocean_disable_margins":"on","ocean_add_body_class":"","ocean_shortcode_before_top_bar":"","ocean_shortcode_after_top_bar":"","ocean_shortcode_before_header":"","ocean_shortcode_after_header":"","ocean_has_shortcode":"","ocean_shortcode_after_title":"","ocean_shortcode_before_footer_widgets":"","ocean_shortcode_after_footer_widgets":"","ocean_shortcode_before_footer_bottom":"","ocean_shortcode_after_footer_bottom":"","ocean_display_top_bar":"default","ocean_display_header":"default","ocean_header_style":"","ocean_center_header_left_menu":"0","ocean_custom_header_template":"0","ocean_custom_logo":0,"ocean_custom_retina_logo":0,"ocean_custom_logo_max_width":0,"ocean_custom_logo_tablet_max_width":0,"ocean_custom_logo_mobile_max_width":0,"ocean_custom_logo_max_height":0,"ocean_custom_logo_tablet_max_height":0,"ocean_custom_logo_mobile_max_height":0,"ocean_header_custom_menu":"0","ocean_menu_typo_font_family":"0","ocean_menu_typo_font_subset":"","ocean_menu_typo_font_size":0,"ocean_menu_typo_font_size_tablet":0,"ocean_menu_typo_font_size_mobile":0,"ocean_menu_typo_font_size_unit":"px","ocean_menu_typo_font_weight":"","ocean_menu_typo_font_weight_tablet":"","ocean_menu_typo_font_weight_mobile":"","ocean_menu_typo_transform":"","ocean_menu_typo_transform_tablet":"","ocean_menu_typo_transform_mobile":"","ocean_menu_typo_line_height":0,"ocean_menu_typo_line_height_tablet":0,"ocean_menu_typo_line_height_mobile":0,"ocean_menu_typo_line_height_unit":"","ocean_menu_typo_spacing":0,"ocean_menu_typo_spacing_tablet":0,"ocean_menu_typo_spacing_mobile":0,"ocean_menu_typo_spacing_unit":"","ocean_menu_link_color":"","ocean_menu_link_color_hover":"","ocean_menu_link_color_active":"","ocean_menu_link_background":"","ocean_menu_link_hover_background":"","ocean_menu_link_active_background":"","ocean_menu_social_links_bg":"","ocean_menu_social_hover_links_bg":"","ocean_menu_social_links_color":"","ocean_menu_social_hover_links_color":"","ocean_disable_title":"on","ocean_disable_heading":"on","ocean_post_title":"","ocean_post_subheading":"","ocean_post_title_style":"","ocean_post_title_background_color":"","ocean_post_title_background":0,"ocean_post_title_bg_image_position":"","ocean_post_title_bg_image_attachment":"","ocean_post_title_bg_image_repeat":"","ocean_post_title_bg_image_size":"","ocean_post_title_height":0,"ocean_post_title_bg_overlay":0.5,"ocean_post_title_bg_overlay_color":"","ocean_disable_breadcrumbs":"off","ocean_breadcrumbs_color":"","ocean_breadcrumbs_separator_color":"","ocean_breadcrumbs_links_color":"","ocean_breadcrumbs_links_hover_color":"","ocean_display_footer_widgets":"default","ocean_display_footer_bottom":"default","ocean_custom_footer_template":"0","_glsr_average":0,"_glsr_ranking":0,"_glsr_reviews":0,"footnotes":""},"class_list":["post-368","page","type-page","status-publish","has-post-thumbnail","hentry","entry","has-media","owp-thumbs-layout-horizontal","owp-btn-normal","owp-tabs-layout-horizontal","has-no-thumbnails","has-product-nav"],"yoast_head":"<!-- This site is optimized with the Yoast SEO plugin v24.0 - https:\/\/yoast.com\/wordpress\/plugins\/seo\/ -->\n<title>LA GRANDE GALERIE, Fr\u00e9d\u00e9ric Eymeri artiste peintre fran\u00e7ais<\/title>\n<meta name=\"description\" content=\"Entrez dans LA GRANDE GALERIE, le site du peintre fran\u00e7ais contemporain Fr\u00e9d\u00e9ric Eymeri. La Galerie Compl\u00e8te pr\u00e9sente une r\u00e9trospectives de ses \u0153uvres. Aujourd&#039;hui la plupart des \u0153uvres pr\u00e9sent\u00e9es sont en collections priv\u00e9es dans le monde entier. la Galerie des Ventes propose la vente de ses toiles disponibles. Des Tirages Limit\u00e9s sur plaque aluminium de certains de ses tableaux sont propos\u00e9s \u00e0 l&#039;achat. Nous vous invitons vivement \u00e0 d\u00e9couvrir &quot;LE BLOG!&quot;. Kalos Ka\u00ef Agathos propose la lecture d&#039;articles de fond de sur l&#039;art et la cr\u00e9ation avec libert\u00e9 et autorit\u00e9. Appr\u00e9ci\u00e9s par de nombreux connaisseurs, ces \u00e9crits peuvent aujourd&#039;hui \u00e9cout\u00e9s. Le site est r\u00e9guli\u00e8rement compl\u00e9t\u00e9 pas de nouvelles \u0153uvres de l&#039;artistes et de nouveaux \u00e9crits issus de son exp\u00e9rience et de sa confrontation aux po\u00e8tes, philosophe, auteurs classiques et acteurs de l&#039;art d&#039;hier et d&#039;aujourd&#039;hui.\" \/>\n<meta name=\"robots\" content=\"index, follow, max-snippet:-1, max-image-preview:large, max-video-preview:-1\" \/>\n<link rel=\"canonical\" href=\"https:\/\/frederic-eymeri.com\/\" \/>\n<meta property=\"og:locale\" content=\"en_US\" \/>\n<meta property=\"og:type\" content=\"article\" \/>\n<meta property=\"og:title\" content=\"LA GRANDE GALERIE, Fr\u00e9d\u00e9ric Eymeri artiste peintre fran\u00e7ais\" \/>\n<meta property=\"og:description\" content=\"Entrez dans LA GRANDE GALERIE, le site du peintre fran\u00e7ais contemporain Fr\u00e9d\u00e9ric Eymeri. La Galerie Compl\u00e8te pr\u00e9sente une r\u00e9trospectives de ses \u0153uvres. Aujourd&#039;hui la plupart des \u0153uvres pr\u00e9sent\u00e9es sont en collections priv\u00e9es dans le monde entier. la Galerie des Ventes propose la vente de ses toiles disponibles. Des Tirages Limit\u00e9s sur plaque aluminium de certains de ses tableaux sont propos\u00e9s \u00e0 l&#039;achat. Nous vous invitons vivement \u00e0 d\u00e9couvrir &quot;LE BLOG!&quot;. Kalos Ka\u00ef Agathos propose la lecture d&#039;articles de fond de sur l&#039;art et la cr\u00e9ation avec libert\u00e9 et autorit\u00e9. Appr\u00e9ci\u00e9s par de nombreux connaisseurs, ces \u00e9crits peuvent aujourd&#039;hui \u00e9cout\u00e9s. Le site est r\u00e9guli\u00e8rement compl\u00e9t\u00e9 pas de nouvelles \u0153uvres de l&#039;artistes et de nouveaux \u00e9crits issus de son exp\u00e9rience et de sa confrontation aux po\u00e8tes, philosophe, auteurs classiques et acteurs de l&#039;art d&#039;hier et d&#039;aujourd&#039;hui.\" \/>\n<meta property=\"og:url\" content=\"https:\/\/frederic-eymeri.com\/\" \/>\n<meta property=\"article:modified_time\" content=\"2026-03-26T16:30:05+00:00\" \/>\n<meta property=\"og:image\" content=\"https:\/\/frederic-eymeri.com\/wp-content\/uploads\/2023\/04\/le-voile-vu.jpg\" \/>\n\t<meta property=\"og:image:width\" content=\"988\" \/>\n\t<meta property=\"og:image:height\" content=\"1167\" \/>\n\t<meta property=\"og:image:type\" content=\"image\/jpeg\" \/>\n<meta name=\"twitter:card\" content=\"summary_large_image\" \/>\n<meta name=\"twitter:label1\" content=\"Est. reading time\" \/>\n\t<meta name=\"twitter:data1\" content=\"1 minute\" \/>\n<script type=\"application\/ld+json\" class=\"yoast-schema-graph\">{\"@context\":\"https:\/\/schema.org\",\"@graph\":[{\"@type\":\"WebPage\",\"@id\":\"https:\/\/frederic-eymeri.com\/\",\"url\":\"https:\/\/frederic-eymeri.com\/\",\"name\":\"LA GRANDE GALERIE, Fr\u00e9d\u00e9ric Eymeri artiste peintre fran\u00e7ais\",\"isPartOf\":{\"@id\":\"https:\/\/frederic-eymeri.com\/#website\"},\"primaryImageOfPage\":{\"@id\":\"https:\/\/frederic-eymeri.com\/#primaryimage\"},\"image\":{\"@id\":\"https:\/\/frederic-eymeri.com\/#primaryimage\"},\"thumbnailUrl\":\"https:\/\/frederic-eymeri.com\/wp-content\/uploads\/2023\/04\/le-voile-vu.jpg\",\"datePublished\":\"2022-05-04T08:03:20+00:00\",\"dateModified\":\"2026-03-26T16:30:05+00:00\",\"description\":\"Entrez dans LA GRANDE GALERIE, le site du peintre fran\u00e7ais contemporain Fr\u00e9d\u00e9ric Eymeri. La Galerie Compl\u00e8te pr\u00e9sente une r\u00e9trospectives de ses \u0153uvres. Aujourd'hui la plupart des \u0153uvres pr\u00e9sent\u00e9es sont en collections priv\u00e9es dans le monde entier. la Galerie des Ventes propose la vente de ses toiles disponibles. Des Tirages Limit\u00e9s sur plaque aluminium de certains de ses tableaux sont propos\u00e9s \u00e0 l'achat. Nous vous invitons vivement \u00e0 d\u00e9couvrir \\\"LE BLOG!\\\". Kalos Ka\u00ef Agathos propose la lecture d'articles de fond de sur l'art et la cr\u00e9ation avec libert\u00e9 et autorit\u00e9. Appr\u00e9ci\u00e9s par de nombreux connaisseurs, ces \u00e9crits peuvent aujourd'hui \u00e9cout\u00e9s. Le site est r\u00e9guli\u00e8rement compl\u00e9t\u00e9 pas de nouvelles \u0153uvres de l'artistes et de nouveaux \u00e9crits issus de son exp\u00e9rience et de sa confrontation aux po\u00e8tes, philosophe, auteurs classiques et acteurs de l'art d'hier et d'aujourd'hui.\",\"breadcrumb\":{\"@id\":\"https:\/\/frederic-eymeri.com\/#breadcrumb\"},\"inLanguage\":\"en-US\",\"potentialAction\":[{\"@type\":\"ReadAction\",\"target\":[\"https:\/\/frederic-eymeri.com\/\"]}]},{\"@type\":\"ImageObject\",\"inLanguage\":\"en-US\",\"@id\":\"https:\/\/frederic-eymeri.com\/#primaryimage\",\"url\":\"https:\/\/frederic-eymeri.com\/wp-content\/uploads\/2023\/04\/le-voile-vu.jpg\",\"contentUrl\":\"https:\/\/frederic-eymeri.com\/wp-content\/uploads\/2023\/04\/le-voile-vu.jpg\",\"width\":988,\"height\":1167},{\"@type\":\"BreadcrumbList\",\"@id\":\"https:\/\/frederic-eymeri.com\/#breadcrumb\",\"itemListElement\":[{\"@type\":\"ListItem\",\"position\":1,\"name\":\"Accueil\",\"item\":\"https:\/\/frederic-eymeri.com\/\"},{\"@type\":\"ListItem\",\"position\":2,\"name\":\"BIENVENUE\"}]},{\"@type\":\"WebSite\",\"@id\":\"https:\/\/frederic-eymeri.com\/#website\",\"url\":\"https:\/\/frederic-eymeri.com\/\",\"name\":\"\",\"description\":\"\",\"publisher\":{\"@id\":\"https:\/\/frederic-eymeri.com\/#\/schema\/person\/89c8207d7647e032710f6659c4e4802d\"},\"alternateName\":\"LA GRANDE GALERIE de Fr\u00e9d\u00e9ric Eymeri\",\"potentialAction\":[{\"@type\":\"SearchAction\",\"target\":{\"@type\":\"EntryPoint\",\"urlTemplate\":\"https:\/\/frederic-eymeri.com\/?s={search_term_string}\"},\"query-input\":{\"@type\":\"PropertyValueSpecification\",\"valueRequired\":true,\"valueName\":\"search_term_string\"}}],\"inLanguage\":\"en-US\"},{\"@type\":[\"Person\",\"Organization\"],\"@id\":\"https:\/\/frederic-eymeri.com\/#\/schema\/person\/89c8207d7647e032710f6659c4e4802d\",\"name\":\"Fr\u00e9d\u00e9ric Eymeri\",\"image\":{\"@type\":\"ImageObject\",\"inLanguage\":\"en-US\",\"@id\":\"https:\/\/frederic-eymeri.com\/#\/schema\/person\/image\/\",\"url\":\"https:\/\/secure.gravatar.com\/avatar\/852cca528410dba334392a58bdaa37cea4f53350135352afbf696e4e7cacaff1?s=96&d=wavatar&r=g\",\"contentUrl\":\"https:\/\/secure.gravatar.com\/avatar\/852cca528410dba334392a58bdaa37cea4f53350135352afbf696e4e7cacaff1?s=96&d=wavatar&r=g\",\"caption\":\"Fr\u00e9d\u00e9ric Eymeri\"},\"logo\":{\"@id\":\"https:\/\/frederic-eymeri.com\/#\/schema\/person\/image\/\"},\"sameAs\":[\"https:\/\/frederic-eymeri.com\"]}]}<\/script>\n<!-- \/ Yoast SEO plugin. -->","yoast_head_json":{"title":"LA GRANDE GALERIE, Fr\u00e9d\u00e9ric Eymeri artiste peintre fran\u00e7ais","description":"Entrez dans LA GRANDE GALERIE, le site du peintre fran\u00e7ais contemporain Fr\u00e9d\u00e9ric Eymeri. La Galerie Compl\u00e8te pr\u00e9sente une r\u00e9trospectives de ses \u0153uvres. Aujourd'hui la plupart des \u0153uvres pr\u00e9sent\u00e9es sont en collections priv\u00e9es dans le monde entier. la Galerie des Ventes propose la vente de ses toiles disponibles. Des Tirages Limit\u00e9s sur plaque aluminium de certains de ses tableaux sont propos\u00e9s \u00e0 l'achat. Nous vous invitons vivement \u00e0 d\u00e9couvrir \"LE BLOG!\". Kalos Ka\u00ef Agathos propose la lecture d'articles de fond de sur l'art et la cr\u00e9ation avec libert\u00e9 et autorit\u00e9. Appr\u00e9ci\u00e9s par de nombreux connaisseurs, ces \u00e9crits peuvent aujourd'hui \u00e9cout\u00e9s. Le site est r\u00e9guli\u00e8rement compl\u00e9t\u00e9 pas de nouvelles \u0153uvres de l'artistes et de nouveaux \u00e9crits issus de son exp\u00e9rience et de sa confrontation aux po\u00e8tes, philosophe, auteurs classiques et acteurs de l'art d'hier et d'aujourd'hui.","robots":{"index":"index","follow":"follow","max-snippet":"max-snippet:-1","max-image-preview":"max-image-preview:large","max-video-preview":"max-video-preview:-1"},"canonical":"https:\/\/frederic-eymeri.com\/","og_locale":"en_US","og_type":"article","og_title":"LA GRANDE GALERIE, Fr\u00e9d\u00e9ric Eymeri artiste peintre fran\u00e7ais","og_description":"Entrez dans LA GRANDE GALERIE, le site du peintre fran\u00e7ais contemporain Fr\u00e9d\u00e9ric Eymeri. La Galerie Compl\u00e8te pr\u00e9sente une r\u00e9trospectives de ses \u0153uvres. Aujourd'hui la plupart des \u0153uvres pr\u00e9sent\u00e9es sont en collections priv\u00e9es dans le monde entier. la Galerie des Ventes propose la vente de ses toiles disponibles. Des Tirages Limit\u00e9s sur plaque aluminium de certains de ses tableaux sont propos\u00e9s \u00e0 l'achat. Nous vous invitons vivement \u00e0 d\u00e9couvrir \"LE BLOG!\". Kalos Ka\u00ef Agathos propose la lecture d'articles de fond de sur l'art et la cr\u00e9ation avec libert\u00e9 et autorit\u00e9. Appr\u00e9ci\u00e9s par de nombreux connaisseurs, ces \u00e9crits peuvent aujourd'hui \u00e9cout\u00e9s. Le site est r\u00e9guli\u00e8rement compl\u00e9t\u00e9 pas de nouvelles \u0153uvres de l'artistes et de nouveaux \u00e9crits issus de son exp\u00e9rience et de sa confrontation aux po\u00e8tes, philosophe, auteurs classiques et acteurs de l'art d'hier et d'aujourd'hui.","og_url":"https:\/\/frederic-eymeri.com\/","article_modified_time":"2026-03-26T16:30:05+00:00","og_image":[{"width":988,"height":1167,"url":"https:\/\/frederic-eymeri.com\/wp-content\/uploads\/2023\/04\/le-voile-vu.jpg","type":"image\/jpeg"}],"twitter_card":"summary_large_image","twitter_misc":{"Est. reading time":"1 minute"},"schema":{"@context":"https:\/\/schema.org","@graph":[{"@type":"WebPage","@id":"https:\/\/frederic-eymeri.com\/","url":"https:\/\/frederic-eymeri.com\/","name":"LA GRANDE GALERIE, Fr\u00e9d\u00e9ric Eymeri artiste peintre fran\u00e7ais","isPartOf":{"@id":"https:\/\/frederic-eymeri.com\/#website"},"primaryImageOfPage":{"@id":"https:\/\/frederic-eymeri.com\/#primaryimage"},"image":{"@id":"https:\/\/frederic-eymeri.com\/#primaryimage"},"thumbnailUrl":"https:\/\/frederic-eymeri.com\/wp-content\/uploads\/2023\/04\/le-voile-vu.jpg","datePublished":"2022-05-04T08:03:20+00:00","dateModified":"2026-03-26T16:30:05+00:00","description":"Entrez dans LA GRANDE GALERIE, le site du peintre fran\u00e7ais contemporain Fr\u00e9d\u00e9ric Eymeri. La Galerie Compl\u00e8te pr\u00e9sente une r\u00e9trospectives de ses \u0153uvres. Aujourd'hui la plupart des \u0153uvres pr\u00e9sent\u00e9es sont en collections priv\u00e9es dans le monde entier. la Galerie des Ventes propose la vente de ses toiles disponibles. Des Tirages Limit\u00e9s sur plaque aluminium de certains de ses tableaux sont propos\u00e9s \u00e0 l'achat. Nous vous invitons vivement \u00e0 d\u00e9couvrir \"LE BLOG!\". Kalos Ka\u00ef Agathos propose la lecture d'articles de fond de sur l'art et la cr\u00e9ation avec libert\u00e9 et autorit\u00e9. Appr\u00e9ci\u00e9s par de nombreux connaisseurs, ces \u00e9crits peuvent aujourd'hui \u00e9cout\u00e9s. Le site est r\u00e9guli\u00e8rement compl\u00e9t\u00e9 pas de nouvelles \u0153uvres de l'artistes et de nouveaux \u00e9crits issus de son exp\u00e9rience et de sa confrontation aux po\u00e8tes, philosophe, auteurs classiques et acteurs de l'art d'hier et d'aujourd'hui.","breadcrumb":{"@id":"https:\/\/frederic-eymeri.com\/#breadcrumb"},"inLanguage":"en-US","potentialAction":[{"@type":"ReadAction","target":["https:\/\/frederic-eymeri.com\/"]}]},{"@type":"ImageObject","inLanguage":"en-US","@id":"https:\/\/frederic-eymeri.com\/#primaryimage","url":"https:\/\/frederic-eymeri.com\/wp-content\/uploads\/2023\/04\/le-voile-vu.jpg","contentUrl":"https:\/\/frederic-eymeri.com\/wp-content\/uploads\/2023\/04\/le-voile-vu.jpg","width":988,"height":1167},{"@type":"BreadcrumbList","@id":"https:\/\/frederic-eymeri.com\/#breadcrumb","itemListElement":[{"@type":"ListItem","position":1,"name":"Accueil","item":"https:\/\/frederic-eymeri.com\/"},{"@type":"ListItem","position":2,"name":"BIENVENUE"}]},{"@type":"WebSite","@id":"https:\/\/frederic-eymeri.com\/#website","url":"https:\/\/frederic-eymeri.com\/","name":"","description":"","publisher":{"@id":"https:\/\/frederic-eymeri.com\/#\/schema\/person\/89c8207d7647e032710f6659c4e4802d"},"alternateName":"LA GRANDE GALERIE de Fr\u00e9d\u00e9ric Eymeri","potentialAction":[{"@type":"SearchAction","target":{"@type":"EntryPoint","urlTemplate":"https:\/\/frederic-eymeri.com\/?s={search_term_string}"},"query-input":{"@type":"PropertyValueSpecification","valueRequired":true,"valueName":"search_term_string"}}],"inLanguage":"en-US"},{"@type":["Person","Organization"],"@id":"https:\/\/frederic-eymeri.com\/#\/schema\/person\/89c8207d7647e032710f6659c4e4802d","name":"Fr\u00e9d\u00e9ric Eymeri","image":{"@type":"ImageObject","inLanguage":"en-US","@id":"https:\/\/frederic-eymeri.com\/#\/schema\/person\/image\/","url":"https:\/\/secure.gravatar.com\/avatar\/852cca528410dba334392a58bdaa37cea4f53350135352afbf696e4e7cacaff1?s=96&d=wavatar&r=g","contentUrl":"https:\/\/secure.gravatar.com\/avatar\/852cca528410dba334392a58bdaa37cea4f53350135352afbf696e4e7cacaff1?s=96&d=wavatar&r=g","caption":"Fr\u00e9d\u00e9ric Eymeri"},"logo":{"@id":"https:\/\/frederic-eymeri.com\/#\/schema\/person\/image\/"},"sameAs":["https:\/\/frederic-eymeri.com"]}]}},"_links":{"self":[{"href":"https:\/\/frederic-eymeri.com\/index.php\/wp-json\/wp\/v2\/pages\/368","targetHints":{"allow":["GET"]}}],"collection":[{"href":"https:\/\/frederic-eymeri.com\/index.php\/wp-json\/wp\/v2\/pages"}],"about":[{"href":"https:\/\/frederic-eymeri.com\/index.php\/wp-json\/wp\/v2\/types\/page"}],"author":[{"embeddable":true,"href":"https:\/\/frederic-eymeri.com\/index.php\/wp-json\/wp\/v2\/users\/1"}],"replies":[{"embeddable":true,"href":"https:\/\/frederic-eymeri.com\/index.php\/wp-json\/wp\/v2\/comments?post=368"}],"version-history":[{"count":1417,"href":"https:\/\/frederic-eymeri.com\/index.php\/wp-json\/wp\/v2\/pages\/368\/revisions"}],"predecessor-version":[{"id":5067,"href":"https:\/\/frederic-eymeri.com\/index.php\/wp-json\/wp\/v2\/pages\/368\/revisions\/5067"}],"wp:featuredmedia":[{"embeddable":true,"href":"https:\/\/frederic-eymeri.com\/index.php\/wp-json\/wp\/v2\/media\/3690"}],"wp:attachment":[{"href":"https:\/\/frederic-eymeri.com\/index.php\/wp-json\/wp\/v2\/media?parent=368"}],"curies":[{"name":"wp","href":"https:\/\/api.w.org\/{rel}","templated":true}]}}